3*z + 21 = u*g - 4*g, 5*z = 3*g + 33. Give r(g).
1
Let l(f) be the second derivative of 0 - 3*f - 1/2*f**2 + 1/6*f**3 + 1/3*f**4. Let q be (2 + -1)*(2 + -1). Determine l(q).
4
Let k(b) = b + 4. Let u(d) = -d + 10. Let y be u(10). Suppose 3*f = 0, 4*s + 0*f - f = y. Determine k(s).
4
Let j(a) = a**3 - 6*a**2 - 9*a + 10. Let k(o) = 2*o + 55. Let r be k(-24). Calculate j(r).
-4
Let b(a) be the first derivative of a**4/4 + 4*a**3/3 + a**2/2 - 4*a + 13. Suppose 25 = -5*z - 0. Let w(q) = q + 2. Let u be w(z). Give b(u).
2
Let x be (5/(-3))/((-5)/15). Suppose -x*u + 3 + 7 = 0. Let p(i) = 4*i**2 - 3*i. What is p(u)?
10
Let n(r) = -6*r + 9. Let l(p) = p - 1. Let t = -6 - 8. Let u(v) = t*l(v) - 2*n(v). Suppose -4*o = -2*q + 10, 7 = -4*q - o - 9. What is u(q)?
2
Let a(m) = -4*m + 1. Let y be (2/6)/(2/6). Let j be a(y). Let p(n) = n**2 + 4*n. What is p(j)?
-3
Let t(y) = -4*y**3 - 6*y**2 - 6*y. Let d(g) = -g**3 - g**2 - g. Let s(j) = -5*d(j) + t(j). Let z(a) = a**2 - 4*a + 2. Let w be z(4). Calculate s(w).
2
Let o(s) = -s**3 + s - 3. Let u(z) = 2*z**3 - 2*z + 5. Let j(b) = 5*o(b) + 3*u(b). Suppose 4*l - 8*p = -11*p - 12, -2*p = -3*l + 8. What is j(l)?
0
Let l(z) = z**2 - z - 1. Let y(q) = 2*q - 3. Let h(g) = 2*l(g) + 2*y(g). Let u(t) = 3*t - 4 + 0*t + t**2 - 2*t. Let c(d) = 3*h(d) - 5*u(d). What is c(0)?
-4
Let s(n) = -n**3 + n**2 - n + 7. Let m(j) = j - 1. Suppose -5*k - 3 = -8. Let y be m(k). Give s(y).
7
Let s = -12 + 7. Let c(a) = a**2 + 6*a + 9. Let m be c(s). Let v(p) = p**3 - 5*p**2 + 4*p - 3. Give v(m).
-3
Let f be (-6 - 14)*(-2)/8. Let m(p) = -1 - 5 + f - 2 + 2*p. Give m(5).
7
Let t(j) = j**2 - j - 2. Suppose 2*u + 8 = -2*u, -3*q - u - 50 = 0. Let p be 9/(-6)*q/12. Give t(p).
0
Let w(v) = -v**2 - 5*v - 3. Let a(q) = -q + 5. Let u be a(-13). Suppose u = -4*h - 2. Determine w(h).
-3
Let f(m) = -m + 3. Let g = -2 + 4. Suppose 2 = a - g*a, 3*a = -3*n + 6. Calculate f(n).
-1
Let j(m) = 2*m + 6. Let k be j(-2). Let u(t) = t**3 - 3*t**2 - 3*t + 3. Calculate u(k).
-7
Let x(l) = -14*l. Suppose 5*q + 6*c - 3*c = 7, 0 = -3*q + c + 7. Suppose 10*h = 8*h - q. Calculate x(h).
14
Let p(b) be the third derivative of b**4/8 + b**2. Let q = -29 + 40. Suppose -10*f = -q*f + 2. Calculate p(f).
6
Let y(s) = -s. Suppose 12 = 4*i - 0*i. Let o be ((-6)/(-9)*i)/(-1). Calculate y(o).
2
Let o be (-9)/(-7) - (-2)/(-7). Let k(b) be the second derivative of 3*b**5/20 - b**4/6 + b**3/3 - b**2/2 - 3*b + 2. What is k(o)?
2
Let x(y) be the third derivative of y**6/120 - y**5/12 + y**4/24 - 2*y**3/3 + 3*y**2. Suppose 0 = 4*u - 2*l - 30, 4*l - 10 = 6*l. Give x(u).
1
Let z(p) = -p + 1. Let q(c) = c**2 - 13*c + 15. Let b(w) = -q(w) + 6*z(w). Determine b(6).
-3
Let z(m) = -4*m**3 - 1. Let u be z(-1). Suppose -u*v = -2*v - 6. Suppose -13 = -3*d - w, 2*d - v = -2*w - 0*w. Let p(n) = n**3 - 4*n**2 - 5*n - 6. Give p(d).
-6
Let j = 7 + 1. Let g = j - 6. Let w(c) = -c - 3. Let z(l) = 2*l + 7. Let h(o) = -9*w(o) - 4*z(o). Calculate h(g).
1
Let y(x) = -2*x**2 + 3*x - 1. Let a(h) be the second derivative of -h**4/4 + 5*h**3/6 - 3*h**2/2 + 5*h. Let w(u) = -3*a(u) + 5*y(u). Determine w(0).
4
Suppose -4*f = -f. Suppose f = 6*x - x. Let m(z) = z**2 - z + 1. Give m(x).
1
Let o(m) = -6*m + 3 + 23*m + 3. Let c(u) = -11*u - 4. Let y(x) = 8*c(x) + 5*o(x). Suppose -a = -q - 6*a - 22, -14 = 3*q + 2*a. Give y(q).
4
Let n(h) = 11*h**3 + h - 1. Let j be n(1). Let t(a) = -20*a - j*a + 32*a. Determine t(-3).
-3
Let h(o) = -o**3 + 3*o**2 + 3*o - 2. Let g be 18/5 - (-6)/15*1. Give h(g).
-6
Suppose -o + 3*j = 14, 3*o + 5*j = -0*j. Suppose 0 = -6*t + t + 10. Let g(k) = -k**2 + 2 + 0 + t - 4*k - 2. Give g(o).
-3
Let f(z) = z + 12. Let u(o) = -2*o - 11. Let d(b) = 3*f(b) + 2*u(b). Calculate d(10).
4
Suppose q + 4 = 4*j - 2*q, 4*j = 4*q. Let i(f) be the third derivative of 0 + f**3 + 2*f**2 + 1/12*f**j + 0*f. Give i(-4).
-2
Let d(k) = 3*k + 5. Let u(v) = -1. Let s(p) = -d(p) - 6*u(p). Let j = 26 - 36. Let i = -8 - j. Give s(i).
-5
Let i(h) = -h - 1. Suppose -y + 6*y = 2*v - 23, -3*v = -2*y - 7. What is i(v)?
0
Suppose 2*j = -2*z - 2*z - 8, 12 = -5*z - 2*j. Let y be z - -6 - 0/2. Let v(h) = -8*h + 2. Determine v(y).
-14
Let s = 12 + -7. Suppose -h = h - 5*k - 10, s*h - 3*k - 25 = 0. Let y(w) = -5 - 5*w + 3*w + 3*w. Give y(h).
0
Let i(a) = 11*a. Let j = 30 + -32. Determine i(j).
-22
Let j(b) = -9*b - 2. Let r = 18 - 40. Let f = r + 20. What is j(f)?
16
Let c(u) = -1 + 310*u - 308*u - u**2 + 6*u**2. Let o(w) = w + 5. Let z be o(-5). Suppose z = b - 3*b + 2. Determine c(b).
6
Let w(m) = 1 - m + m**2 - 14*m**3 - 17*m**3 + 24*m**3. Determine w(1).
-6
Let u(r) = 3*r - 5. Let g be u(4). Suppose -f = -0*f - g. Suppose 3*l - f = -1. Let m(p) = p**2 - 2*p - 2. Calculate m(l).
-2
Let o(f) = f. Let v = 3 - 9. Let n(u) = 7*u - 1. Let a(q) = v*o(q) + n(q). What is a(-3)?
-4
Let n be 2 - 8*3/6. Let q(s) = 3*s**2 + 1. Calculate q(n).
13
Let z(m) = -m**2 - 4. Let x(h) = -1. Suppose 0 = -3*g - 0 - 3. Let k(t) = g*z(t) + 5*x(t). Let u(d) = d**3 + 5*d**2 + 5*d + 4. Let v be u(-4). Determine k(v).
-1
Let j(z) = -z + 1. Let a be 2/4 + 3/6. Let c be (-4 + 3)/(a/(-6)). What is j(c)?
-5
Suppose 21 = 5*a - 4. Let j = a + -1. Let q(h) = 0*h - 2*h - 6 + 5*h. What is q(j)?
6
Let w be (-4 - 1*-2) + 11. Suppose -2*m + w = m. Suppose 0*q - m*q + 3 = 0. Let o(i) = -9*i + 1. Calculate o(q).
-8
Let o(z) = -6*z + 2. Suppose 0 = 7*x - 2*x - 30. Let p be 20/(-6) - (-8)/x. Calculate o(p).
14
Let a(g) = g - 2. Let j be a(4). Suppose 6*z = j*z. Suppose i - 4 + 0 = z. Let b(f) = -f**3 + 3*f**2 + 5*f - 1. What is b(i)?
3
Let w = 10 - -36. Let g be (-6)/(-15) + w/10. Let l(i) = -i**3 + 6*i**2 - 4*i - 3. Determine l(g).
2
Suppose -m - 4*m + 5*c = -45, -5 = -5*m - 5*c. Let w(l) = -l**3 + 7*l**2 - 6*l. Calculate w(m).
20
Let l(f) = -2*f - 53. Let u be l(-26). Let y(h) = -10*h**3 - 7*h**2 - 7*h - 8. Let k(q) = 9*q**3 + 6*q**2 + 6*q + 7. Let v(i) = 7*k(i) + 6*y(i). What is v(u)?
-2
Let u be (1/(-2))/((-3)/30). Let t = 12 - 10. Let l(v) = 5*v - 3*v**3 + v**3 + v**3 + 4*v**t + 1. Calculate l(u).
1
Let a(x) = 3*x + 2. Let w = -95 - -93. What is a(w)?
-4
Let p(l) = l**3 - 2*l - 1. Let j be p(-1). Let d(b) = b**3 + b**2 - b - 7. Give d(j).
-7
Let s(q) = 0 + 13*q**2 + 1 - 12*q**2 + 3*q. Determine s(-3).
1
Let s(l) = 3*l**2 - 3*l + 3. Let g(c) = 9*c**2 - 8*c + 8. Let v = -25 - -21. Let i(o) = v*g(o) + 11*s(o). What is i(-2)?
-9
Let s(q) = -2*q**3 + q**2 + 5*q**3 - 4*q**3 + 12*q**3. Give s(-1).
-10
Let g(r) = -7*r**2 + 24*r**3 - 5*r + 6 - 52*r**3 + 27*r**3. What is g(-6)?
0
Let b(q) = q**3 - 4*q**2 - q + 4. Suppose 4*x + 1 = 2*n + 7, -2*n + 1 = 3*x. Let c be (4 - 0) + 1/n. Calculate b(c).
-8
Let n(r) = 5*r**2 - 13*r + 3. Let m(y) = 6*y**2 - 14*y + 4. Let t(z) = -6*m(z) + 7*n(z). Give t(-5).
7
Let u(p) = -3*p - 1. Let a be u(5). Let d = -12 - a. Let o(z) = z**2 - 4*z + 4. Determine o(d).
4
Let f(z) = -z**2 + 6*z - 5. Let l(h) = -h**3 + 4*h**2 + 5. Let p be l(4). Determine f(p).
0
Let z = 94 - 102. Let u(v) = v**2 + 3 + 9*v + 2*v**2 - 2*v**2. Let n be u(z). Let c(f) = f - 4. What is c(n)?
-9
Let m(g) = g**2 + 10*g. Let s be m(-10). Suppose -w + s*w - 4*l = 9, 0 = 5*w + l - 12. Let f(x) = -x**2 - w + 2*x + x + 0*x + 2*x. Determine f(4).
1
Suppose 1 = 4*z + 4*u + 13, -2*u - 4 = 4*z. Let l(m) be the second derivative of -5*m**4/12 - m**2/2 + m. Give l(z).
-6
Let v be 1/4 - (-189)/(-36). Let d(u) = u**3 + 6*u**2 + 4*u - 2. Calculate d(v).
3
Let k(d) = 7*d**2 + 2 + 0*d - 6*d**2 + 5*d. Calculate k(-4).
-2
Suppose 0 = -5*m - 2 + 7. Let z be -2*(-1)/1 - 0. Let l(s) = 2*s**2 + 0*s**3 - 3*s**3 - s**z - 3*s + 1 + s. What is l(m)?
-3
Let d(o) = o**2 + o - 2. Let l be d(0). Let f(b) = b**2 - 2. Calculate f(l).
2
Let t(j) = 2*j + 2. Let z(a) = a - a + 1 - a. Let c(l) = t(l) - z(l). Let d(n) = -7*n - 3. Let m(g) = -5*c(g) - 2*d(g). Give m(4).
-3
Let k(v) = v**2 + 2*v - 3. Let f be k(-3). Let j(a) = -a - 6 + 0*a + 2. Determine j(f).
-4
Let h(v) = v**2 + 7*v + 10. Let g(f) = 1. Let c(w) = 5*g(w) - h(w). Suppose -7*p + 5*b = -2*p + 10, p + 17 = -4*b. What is c(p)?
5
Suppose 8*g - 3*g - 3 = 3*f, -5*f + 20 = 0. Let x(v) = 3*v + 2. Calculate x(g).
11
Let l be (10/3 - 3)*0. Let m be (l/1)/(2 - 0). Let v(j) = -4 + 3 - 6*j**2 + m + j**2. Give v(1).
-6
Let m = -60 - -63. Let g(w) be the second d